= l - 152. What is the remainder when h is divided by 23?
20
Let r(n) = -n**2 + 4*n - 2. Let m(w) = -w**2 + w + 1. Let k(q) = -2*m(q) + r(q). Let l = -8 + 14. Calculate the remainder when l is divided by k(-4).
2
Suppose 237 = 24*q - 963. Let p(a) = 3*a**2 + a - 1. Calculate the remainder when q is divided by p(2).
11
Let t = 30 - 16. Calculate the remainder when 25 is divided by t.
11
Suppose -z + 4*w = -2*z - 32, 0 = 3*z - 5*w + 11. Let v = z + 20. Calculate the remainder when 22 is divided by v.
6
Let a(w) = w + 7. Let p be a(-5). Let u(y) = 5*y - 2*y - 3 + 2*y**p - y. Calculate the remainder when u(-4) is divided by 11.
10
Let k = 254 - 175. Calculate the remainder when k is divided by 20.
19
Calculate the remainder when (-12 - -9 - (-160)/(-6))*-3 is divided by 25.
14
Let c = 22 - -12. Calculate the remainder when c is divided by 12.
10
Let x(i) = 16*i**2 + i - 4. Calculate the remainder when x(-2) is divided by 15.
13
Let f = 50 - 21. Calculate the remainder when f is divided by 15.
14
Suppose 7*s - 3*s - 36 = 0. What is the remainder when 12 is divided by s?
3
Let p(s) = s**2 + 6*s + 5. Let u be p(-5). Let k be 2 - (0 + -9) - u. Suppose -k = -2*m + 43. What is the remainder when m is divided by 14?
13
Suppose -4*y + 2 = -2, 4*f - 11 = -3*y. Suppose -7 + 1 = -f*j. Suppose 0 = m - 5*m + 36. Calculate the remainder when m is divided by j.
0
Suppose 5*k - 96 = -3*g + 20, 104 = 3*g + 2*k. Let u(i) = -11*i. What is the remainder when g is divided by u(-1)?
10
Suppose -7 - 9 = -4*s. Suppose 11 = 3*p - s. Let b(h) = 3*h - 2. What is the remainder when b(5) is divided by p?
3
What is the remainder when 4 + (17 + -1 - 1) is divided by 7?
5
Suppose 4*i - 38 = 2*n, -n = -4*i + 3*n + 48. Suppose i = 2*t - 3. What is the remainder when 14 is divided by t?
4
Let j = -2 + 26. Calculate the remainder when j is divided by 13.
11
Let c = 26 - 7. Let g = -71 - -136. Suppose -3*p + p = 5*l - 59, 2*p + 3*l = g. What is the remainder when p is divided by c?
18
Suppose -21 = -2*y + 65. Let k(x) = 5*x**2 + 2*x - 1. Calculate the remainder when y is divided by k(-2).
13
Suppose -3*m - 207 = -3*l, -4*l + 3*m = -56 - 225. Suppose 0 = g + 3*x - 30 - 1, -5*g + 119 = -3*x. What is the remainder when l is divided by g?
24
Let q = -20 - -37. What is the remainder when 49 is divided by q?
15
Suppose 5*m - 5*j - 135 = 0, 3*m + m - j = 96. What is the remainder when 66 is divided by m?
20
Suppose 0 = -4*i - 0*k + 2*k + 38, -5*i + 40 = -5*k. Suppose 8 = -4*q, 0 = -5*t + 5*q - 1 - 4. Calculate the remainder when (-3 + (-2 - 2))*t is divided by i.
10
Let o be 2/1*(-81)/(-6). Suppose 4*h + o = 7*h. What is the remainder when 35 is divided by h?
8
Let t(i) = 24*i + 6. Calculate the remainder when t(3) is divided by 16.
14
Suppose 0 = 2*p + 3*p - 370. Suppose -3*s = -5*l - 35 - 74, 2*l = -3*s + p. Calculate the remainder when s is divided by 15.
13
Suppose 2*d = 2*l - 8, -2*d - 22 = d - 5*l. What is the remainder when (-9)/(-3) - (d - 1) is divided by 2?
1
Let a(i) be the third derivative of -i**5/60 - 7*i**4/24 - i**3/3 + i**2. Suppose -10 = -5*s + 20. What is the remainder when a(-4) is divided by s?
4
Calculate the remainder when 60 is divided by -3 + 0 - (-16 + -4).
9
Let v(z) = 7*z**3 + 4*z**2 - 4*z + 2. Calculate the remainder when v(2) is divided by 34.
32
Let a(m) = 4 + 11*m + 0 - m**2 - 3. Let t be a(10). Suppose -6*z - t = -7*z. Calculate the remainder when 31 is divided by z.
9
Let z be -2 - 0 - 6/3. Let d = z + 21. Calculate the remainder when d is divided by 6.
5
What is the remainder when 1/((-2)/(-216)) + 3 is divided by 38?
35
Let f = -18 + 55. Let s = -20 + f. Calculate the remainder when s is divided by 4/10 + (-43)/(-5).
8
Let g(a) = a**2 - 6*a + 1. Suppose 0*m - 42 = -2*m - 3*z, 0 = m - 5*z + 5. What is the remainder when g(9) is divided by m?
13
Suppose r = 4*f - 6, 2*r + 3*f + 24 = -2*r. Let l be ((-2)/(r/21))/1. Suppose 20 = -4*i, u = l*i - 2*i + 37. What is the remainder when 22 is divided by u?
10
Let v be 3 - (6/(-3) - -3). Suppose -v*z - 12 = -116. Suppose l = -3*l + z. Calculate the remainder when l is divided by 4.
1
Let t = 30 - 23. Let u = 24 - 5. Let p = -6 + u. Calculate the remainder when p is divided by t.
6
Calculate the remainder when 4 is divided by (-3)/(-2) + (-48)/(-32).
1
Suppose 0 = -8*x + 4*x + 3*w + 23, 4*w = -x - 18. Let g(h) = -h**3 + 6*h**2 + 4. What is the remainder when g(6) is divided by x?
0
Let f = 16 + -22. What is the remainder when 12 is divided by (7/2)/((-3)/f)?
5
Suppose 60 = 12*m - 8*m. Calculate the remainder when 42 is divided by m.
12
Let x(o) = o + 1. Let l be x(4). Suppose -l*a = -0*a - 20. What is the remainder when 6 is divided by a?
2
Suppose c - 195 = -4*c. Let z be -3 - (-1 + 26/2). What is the remainder when c is divided by (-6)/15 - 306/z?
19
Let w(b) = b**3 + 10*b**2 + 5*b - 10. Let m be w(-9). Let k = m + -17. Calculate the remainder when 26 is divided by k.
8
Suppose -2*h + 44 - 10 = 0. What is the remainder when 32 is divided by h?
15
Suppose 5*v + x = 12 + 16, 3*v - 5*x = 28. Suppose 0 = 2*p - 0*p - 5*z - 14, -z + 38 = 2*p. Suppose c - p = -0*c. What is the remainder when c is divided by v?
5
Let q = -11 + 20. Calculate the remainder when q is divided by 6.
3
Suppose h - 1 = 0, 0 = -4*r - h + 50 + 343. Calculate the remainder when r is divided by 25.
23
Suppose 48 = 3*v + v. What is the remainder when 23 is divided by v?
11
Let p(i) = i - 5. Let x(a) = 2*a + 3. Let g be x(3). Let c be p(g). Suppose -c*o + 9*o - 70 = 0. What is the remainder when 25 is divided by o?
11
Suppose 2*f - 2*r = 1 - 3, 0 = 2*r + 2. Let a = f - -7. What is the remainder when 8 is divided by a?
3
Suppose -4*o - 2*o = -792. Calculate the remainder when o is divided by 27.
24
Let p(h) = h**3 - 10*h**2 + 9*h - 15. What is the remainder when p(10) is divided by 19?
18
Calculate the remainder when 151 is divided by 93*12/(-18)*(-2)/4.
27
Calculate the remainder when -1*2 + (4 - -13) is divided by 8.
7
Let v = 3 - 1. Suppose 0 = v*j + 2*s - 12, -j + 3 = -5*s + 15. What is the remainder when 0 - -3 - -5*1 is divided by j?
2
Let h = 23 + -20. Suppose -t = -3*n - 14, -3*t + 32 = h*n - 10. What is the remainder when t is divided by 4?
2
Let g = 100 + -71. Calculate the remainder when g is divided by 4.
1
Let m = -8 - -1. Let u(d) = d**3 + 7*d**2 + 4. Let j be u(m). Suppose -j*w + 14 = -6. Calculate the remainder when w is divided by 3.
2
Let r = -47 - -65. What is the remainder when 71 is divided by r?
17
Let p = 133 + -70. What is the remainder when p is divided by 16?
15
Suppose 0 = 4*c + 5*n - 214, 0*c + 163 = 3*c + 5*n. Let q = c + -30. Calculate the remainder when (-8)/(-2 + 36/q) is divided by 10.
8
Suppose 0 = -f - 1 + 6, -k = -4*f + 11. Let b(y) = y**2 - 6*y. Let i = -36 + 50. What is the remainder when b(k) is divided by i?
13
Let j(d) = -d. Let q = -14 - -8. Calculate the remainder when j(q) is divided by 5.
1
Let y(d) = d**2 - d + 2. Let f be y(3). Let t = -2 - -6. Let b = t + f. What is the remainder when 23 is divided by b?
11
Suppose -121 = -2*v - 51. Calculate the remainder when v is divided by 12.
11
Let h(r) = 2*r + 7. What is the remainder when 35 is divided by h(3)?
9
Let r = -5 + 8. Suppose -z + 40 = r*z. Let h(b) = 3*b. What is the remainder when h(6) is divided by z?
8
Suppose 2*k = 4*b - 3 - 3, k - 15 = -4*b. What is the remainder when b is divided by 3?
0
Suppose 5*y - 887 = -5*n + y, -3*n = -y - 522. Suppose 0 = 5*i + 5 - n. Calculate the remainder when i is divided by 9.
7
Let h(z) = -2*z + 8. What is the remainder when h(-9) is divided by 7?
5
Suppose -8*j + 15*j = 112. What is the remainder when j is divided by 9?
7
Suppose -3*l + 4*l - 58 = -2*g, 30 = l - 5*g. Let p = l + -23. Calculate the remainder when p is divided by 15.
12
Suppose -3*j = -j - 32. Calculate the remainder when j is divided by 9.
7
Let v = -9 + 25. Let r(y) = 1 - 24*y - 1 - 2. Calculate the remainder when r(-2) is divided by v.
14
Let r(k) = k**3 + 6*k**2 - 2. Let n be r(-4). Calculate the remainder when (n*1 - -1)*1 is divided by (-1)/5 - 81/(-5).
15
Suppose -2*p = -3*n - 54, 5*p + 6*n = 3*n + 93. Suppose 0*w - p = -3*w. Let b = 6 + w. What is the remainder when 24 is divided by b?
11
Let m(t) = t**2 - 2*t + 3. Calculate the remainder 